{"id":6722,"date":"2018-03-14T21:19:52","date_gmt":"2018-03-14T21:19:52","guid":{"rendered":"https:\/\/www.immozeichner.de\/?page_id=6722"},"modified":"2018-03-18T21:39:55","modified_gmt":"2018-03-18T21:39:55","slug":"impressum-2","status":"publish","type":"page","link":"https:\/\/www.immozeichner.de\/?page_id=6722","title":{"rendered":"AGB"},"content":{"rendered":"[vc_row][vc_column][mk_fancy_title tag_name=&#8220;h3&#8243; color=&#8220;#000000&#8243; size=&#8220;32&#8243; txt_transform=&#8220;none&#8220; margin_top=&#8220;80&#8243; font_family=&#8220;none&#8220;]Allgemeine Gesch\u00e4ftsbedingungen[\/mk_fancy_title][mk_fancy_title tag_name=&#8220;h4&#8243; size=&#8220;20&#8243; font_weight=&#8220;300&#8243; font_family=&#8220;none&#8220;]F\u00fcr die Gesch\u00e4ftsbeziehung zwischen der Immozeichner, Tintorettostr.13, 80638 M\u00fcnchen, vertreten durch die Gesch\u00e4ftsf\u00fchrer Inci Rosshirt (nachfolgend Immozeichner) und dem Nutzer gelten ausschlie\u00dflich die nachfolgenden Allgemeinen Gesch\u00e4ftsbedingungen in ihrer zum Zeitpunkt der Bestellung g\u00fcltigen Fassung. Etwaige abweichende Bedingungen des Nutzers gelten nur, sofern sie von Immozeichner schriftlich anerkannt worden sind.<\/p>\n<p>Immozeichner erstellt anhand der zur Verf\u00fcgung gestellten Vorlagen, alle zeichnerischen grafischen Abbildungen, Illustrationen, Visualisierungen von 2D\/3D Grundrissen, 2D Ansichten, Innen- und Aussen-Renderings, 2D\/3D Lagepl\u00e4ne, Freehand-Zeichnungen von Wohn- und Gewerbeimmobilien.<\/p>\n<p>Die erstellten Illustrationen, Visualisierungen richten sich nach Vorlagen, den vom Kunden gew\u00fcnschten Auswahlkriterien und dienen ausschlie\u00dflich einer besseren visuellen Vorstellung des Objektes z. B. f\u00fcr den Immobilienvertrieb oder als Verkaufsunterst\u00fctzung. F\u00fcr die Richtigkeit von uns erstellten Illustrationen und Visualisierungen der Objekte kann Immozeichner keine Haftung \u00fcbernehmen.<\/p>\n<p>Architektenleistungen sind explizit nicht Bestandteil der von Immozeichner erstellten Grafiken\/Visualisierungen. Die angebotenen Leistungen und Lieferungen erfolgen ausschlie\u00dflich auf Grundlage dieser Allgemeinen Gesch\u00e4ftsbedingungen in der zum Zeitpunkt der Bestellung g\u00fcltigen Fassung. Abweichende Bedingungen gelten nur, sofern sie von Immozeichner schriftlich anerkannt wurden. Weiterhin behalten wir uns das Recht vor, diese Allgemeinen Gesch\u00e4ftsbedingungen zu \u00e4ndern. Sollten einzelne oder mehrere Teile diese Bestimmungen unwirksam sein, wird davon die Wirksamkeit der \u00fcbrigen Bestimmungen nicht betroffen. Unwirksame oder unvollst\u00e4ndige Bestimmungen sind so auszulegen, dass wirksame und durchf\u00fchrbare Regelungen entsprechend dem gewollten und erkennbaren rechtlichen und wirtschaftlichen Regelungsziel angenommen werden, oder hilfsweise durch solche Bestimmungen ersetzt werden.[\/mk_fancy_title][mk_fancy_title tag_name=&#8220;h4&#8243; size=&#8220;20&#8243; font_weight=&#8220;300&#8243; font_family=&#8220;none&#8220;]<strong>Vertragsabschluss<\/strong><\/p>\n<p>Ein Vertrag\/Auftrag kommt durch die Best\u00e4tigung der Kundenbestellung, Angebotsbest\u00e4tigung per E-Mail zustande, vorbehaltlich der \u00dcberpr\u00fcfung der zur Verf\u00fcgung gestellten Original-Vorlagen: Grundrisse, Ansichten, Schnitte, Lagepl\u00e4ne, Fotos. Die in der Auftragsbest\u00e4tigung genannte Spezifizierung ist f\u00fcr die Bearbeitung des Auftrags ma\u00dfgebend.<\/p>\n<p>Die im Internet angegebenen Preise und Lieferzeiten gelten f\u00fcr standardisierte Leistungen. Wir erstellen grunds\u00e4tzlich nach Ihren Immobilienobjekt und Auftragsumfang einen zu dem Projekt passenden Angebot.<\/p>\n<p>Die von uns erstellte aller Art Illustrationen und Visualisierungen sind nur f\u00fcr die Nutzung der Firma mit der wir Auftrag bekommen bestimmt. Jegliche Nutzung der Illustrationen und Visualisierungen von 3. Person=Firma ist untersagt. Jegliche Art der Kopie unsres Stils sind unzul\u00e4ssig. Unsere Stil ist Urheberrechtlich gesch\u00fctzt.<\/p>\n[\/mk_fancy_title][mk_fancy_title tag_name=&#8220;h4&#8243; size=&#8220;20&#8243; font_weight=&#8220;300&#8243; font_family=&#8220;none&#8220;]<strong>Versandt und Abnahme der Leistung<\/strong><\/p>\n<p>Immozeichner verkauft ausschlie\u00dflich online Produkte. Sie erhalten Ihren Visualisierungen per E-mail, wodurch jegliche Versandkosten entfallen. Dabei handelt es sich um eine sog. Online-Erstverbreitung (unk\u00f6rperliche \u00dcbermittlung), das ver\u00e4u\u00dferte Werk entsteht erstmalig auf den Speichermedien des Erwerbers. Der Kunde hat keinen Anspruch auf die Archivierung seiner Visualisierungen durch Immozeichner. Die Lieferfrist beginnt erst mit dem rechtzeitigen Eingang der vom Auftraggeber zu liefernden Unterlagen in gut lesbarer Form und mit der Absprache der Auftragsgeber und Immozeichner. Die Lieferfrist verl\u00e4ngert sich in angemessenem Umfang bei fehlhaften fehlerhaften Vorlagen, \u00c4nderungen seitens des Auftraggebers, unvorhersehbaren, au\u00dfergew\u00f6hnlichen Hindernissen, insbesondere F\u00e4llen von h\u00f6herer Gewalt, wie z. B. Betriebsst\u00f6rungen, Streik und Aussperrung usw. Der Kunde hat die Visualisierungen unverz\u00fcglich auf die vertragliche Beschaffenheit hin zu \u00fcberpr\u00fcfen. Nach Ablauf einer Frist von 7 Tagen gilt die Leistung als abgenommen. Einwendungen gegen die Leistung sind Immozeichner rechtzeitig anzuzeigen und M\u00e4ngel m\u00f6glichst genau schriftlich zu beschreiben.[\/mk_fancy_title][mk_fancy_title tag_name=&#8220;h4&#8243; size=&#8220;20&#8243; font_weight=&#8220;300&#8243; font_family=&#8220;none&#8220;]<strong>Preise und Zahlungsbedingungen<\/strong><\/p>\n<p>Rechnungen von Immozeichner werden mit den entsprechenden Daten aus der Email und Website der Kunde \u00a0generiert und ausschlie\u00dflich elektronisch -per Email- versandt. Inhalt und Zahlungsbestimmungen gelten auch ohne Unterschrift. Alle angegebenen Preise sind Nettobetr\u00e4ge in Euro, die zzgl. der jeweils g\u00fcltigen gesetzlichen Mehrwertsteuer sofort ohne Abzug zu zahlen sind. Bei der Schriftverkehr genannte Preise die ohne Netto oder Brutto bemerkt sind, immer als netto betrag anzunehmen. Immozeichner untersagt die Nutzung der urheberrechtlich gesch\u00fctzten Werke bis zu einem vollst\u00e4ndigen Zahlungsausgleich. Nutzer kommen ohne weitere Mahnung nach Ablauf von 30 Tagen nach Rechnungslegung in Verzug. Weiterhin kann Immozeichner bei Zahlungsverzug Verzugszinsen in gesetzlicher H\u00f6he nach den Bestimmungen des BGB bzw. HGB verlangen. F\u00fcr Rechnungsumschreibungen berechnet Immozeichner 12,00 \u20ac pro Vorgang zzgl. MwSt.[\/mk_fancy_title][mk_fancy_title tag_name=&#8220;h4&#8243; size=&#8220;20&#8243; font_weight=&#8220;300&#8243; font_family=&#8220;none&#8220;]<strong>Gew\u00e4hrleistung und Haftung<\/strong><\/p>\n<p>F\u00fcr fristgerecht angezeigte M\u00e4ngel nach Gefahr\u00fcbergang haftet Immozeichner nach Werkvertragsrecht. Evtl. erforderliche Nachbesserungen f\u00fcr Leistungen, die nicht der vertraglich vereinbarten Beschaffenheit entsprechen, werden von Immozeichner schnellstm\u00f6glich innerhalb eines angemessenen Zeitraums erbracht. Immozeichner haftet nur f\u00fcr den selbst verursachten Schaden, sowie im Rahmen der gesetzlichen Haftung f\u00fcr Vorsatz und grobe Fahrl\u00e4ssigkeit und f\u00fcr den Eintritt von K\u00f6rpersch\u00e4den. Die Gew\u00e4hrleistungsanspr\u00fcche gegen Immozeichner verj\u00e4hren innerhalb eines Jahres nach erf\u00fcllter Leistung. Jegliche Haftung ist im Rahmen einer abgeschlossenen Berufshaftpflichtversicherung auf \u20ac 2 Mio. f\u00fcr Personen-und Sachsch\u00e4den begrenzt.[\/mk_fancy_title][\/vc_column][\/vc_row]\n","protected":false},"excerpt":{"rendered":"<p>[vc_row][vc_column][mk_fancy_title tag_name=&#8220;h3&#8243; color=&#8220;#000000&#8243; size=&#8220;32&#8243; txt_transform=&#8220;none&#8220; margin_top=&#8220;80&#8243; font_family=&#8220;none&#8220;]Allgemeine Gesch\u00e4ftsbedingungen[\/mk_fancy_title][mk_fancy_title tag_name=&#8220;h4&#8243; size=&#8220;20&#8243; font_weight=&#8220;300&#8243; font_family=&#8220;none&#8220;]F\u00fcr die Gesch\u00e4ftsbeziehung zwischen der Immozeichner, Tintorettostr.13, 80638 M\u00fcnchen, vertreten durch die Gesch\u00e4ftsf\u00fchrer Inci Rosshirt (nachfolgend Immozeichner) und dem Nutzer gelten ausschlie\u00dflich die nachfolgenden Allgemeinen Gesch\u00e4ftsbedingungen in ihrer zum Zeitpunkt der Bestellung g\u00fcltigen Fassung. Etwaige abweichende Bedingungen des Nutzers gelten nur, sofern sie von [&hellip;]<\/p>\n","protected":false},"author":1,"featured_media":0,"parent":0,"menu_order":0,"comment_status":"closed","ping_status":"closed","template":"","meta":{"footnotes":""},"class_list":["post-6722","page","type-page","status-publish","hentry"],"_links":{"self":[{"href":"https:\/\/www.immozeichner.de\/index.php?rest_route=\/wp\/v2\/pages\/6722","targetHints":{"allow":["GET"]}}],"collection":[{"href":"https:\/\/www.immozeichner.de\/index.php?rest_route=\/wp\/v2\/pages"}],"about":[{"href":"https:\/\/www.immozeichner.de\/index.php?rest_route=\/wp\/v2\/types\/page"}],"author":[{"embeddable":true,"href":"https:\/\/www.immozeichner.de\/index.php?rest_route=\/wp\/v2\/users\/1"}],"replies":[{"embeddable":true,"href":"https:\/\/www.immozeichner.de\/index.php?rest_route=%2Fwp%2Fv2%2Fcomments&post=6722"}],"version-history":[{"count":5,"href":"https:\/\/www.immozeichner.de\/index.php?rest_route=\/wp\/v2\/pages\/6722\/revisions"}],"predecessor-version":[{"id":6750,"href":"https:\/\/www.immozeichner.de\/index.php?rest_route=\/wp\/v2\/pages\/6722\/revisions\/6750"}],"wp:attachment":[{"href":"https:\/\/www.immozeichner.de\/index.php?rest_route=%2Fwp%2Fv2%2Fmedia&parent=6722"}],"curies":[{"name":"wp","href":"https:\/\/api.w.org\/{rel}","templated":true}]}}